{"id":420,"date":"2018-09-01T23:09:10","date_gmt":"2018-09-01T21:09:10","guid":{"rendered":"http:\/\/itcegame.se\/?page_id=420"},"modified":"2019-04-15T20:21:54","modified_gmt":"2019-04-15T18:21:54","slug":"division-ett","status":"publish","type":"page","link":"https:\/\/itcegame.se\/?page_id=420","title":{"rendered":"Division ETT"},"content":{"rendered":"<h6><strong>Sidan uppdaterades 2019-04-10<\/strong><\/h6>\n<h1 style=\"text-align: center;\">Sista omg\u00e5ngen<\/h1>\n<table width=\"565\">\n<tbody>\n<tr>\n<td width=\"161\">\u00a0<\/td>\n<td width=\"65\">Banor\u00a0<\/td>\n<td width=\"132\">Omg\u00e5ng 14<\/td>\n<td width=\"132\">2019-04-08<\/td>\n<td width=\"36\">\u00a0<\/td>\n<td width=\"39\">\u00a0<\/td>\n<\/tr>\n<tr>\n<td>18:00<\/td>\n<td>11 -13<\/td>\n<td>\u00d6KF 1<\/td>\n<td>fd Team Malmoe<\/td>\n<td>8<\/td>\n<td>10<\/td>\n<\/tr>\n<tr>\n<td>18:00<\/td>\n<td>14 -16<\/td>\n<td>Team Klopp<\/td>\n<td>Kylacc<\/td>\n<td>9<\/td>\n<td>9<\/td>\n<\/tr>\n<tr>\n<td>18:00<\/td>\n<td>17 -19<\/td>\n<td>Str\u00f6ms<\/td>\n<td>Olssons<\/td>\n<td>12<\/td>\n<td>6<\/td>\n<\/tr>\n<tr>\n<td>18:00<\/td>\n<td>20 -22<\/td>\n<td>Byggkontroll<\/td>\n<td>Platts\u00e4ttningsbolaget<\/td>\n<td>15<\/td>\n<td>3<\/td>\n<\/tr>\n<\/tbody>\n<\/table>\n<h1 style=\"text-align: center;\">Tabell<\/h1>\n<table width=\"617\">\n<tbody>\n<tr>\n<td width=\"161\">Lagnamn<\/td>\n<td width=\"65\">Matcher<\/td>\n<td width=\"132\">V<\/td>\n<td width=\"132\">O<\/td>\n<td width=\"36\">F<\/td>\n<td width=\"39\">Diff<\/td>\n<td width=\"52\">Po\u00e4ng<\/td>\n<\/tr>\n<tr>\n<td>\u00d6KF 1<\/td>\n<td>14<\/td>\n<td>10<\/td>\n<td>1<\/td>\n<td>3<\/td>\n<td>77<\/td>\n<td>21<\/td>\n<\/tr>\n<tr>\n<td>fd Team Malmoe<\/td>\n<td>14<\/td>\n<td>9<\/td>\n<td>2<\/td>\n<td>3<\/td>\n<td>30<\/td>\n<td>20<\/td>\n<\/tr>\n<tr>\n<td>Str\u00f6ms<\/td>\n<td>14<\/td>\n<td>9<\/td>\n<td>0<\/td>\n<td>5<\/td>\n<td>20<\/td>\n<td>18<\/td>\n<\/tr>\n<tr>\n<td>Kylacc<\/td>\n<td>14<\/td>\n<td>6<\/td>\n<td>3<\/td>\n<td>5<\/td>\n<td>31<\/td>\n<td>15<\/td>\n<\/tr>\n<tr>\n<td>Team Klopp<\/td>\n<td>14<\/td>\n<td>5<\/td>\n<td>3<\/td>\n<td>6<\/td>\n<td>4<\/td>\n<td>13<\/td>\n<\/tr>\n<tr>\n<td>Byggkontroll<\/td>\n<td>14<\/td>\n<td>6<\/td>\n<td>0<\/td>\n<td>8<\/td>\n<td>-12<\/td>\n<td>12<\/td>\n<\/tr>\n<tr>\n<td>Olssons<\/td>\n<td>14<\/td>\n<td>4<\/td>\n<td>0<\/td>\n<td>10<\/td>\n<td>-65<\/td>\n<td>8<\/td>\n<\/tr>\n<tr>\n<td>Platts\u00e4ttningsbolaget<\/td>\n<td>14<\/td>\n<td>1<\/td>\n<td>3<\/td>\n<td>10<\/td>\n<td>-85<\/td>\n<td>5<\/td>\n<\/tr>\n<\/tbody>\n<\/table>\n<h1 style=\"text-align: center;\">Serien \u00e4r f\u00e4rdigspelad<\/h1>\n<p>\u00a0<\/p>\n<p>\u00a0<\/p>\n<h1 style=\"text-align: center;\">Tidigare omg\u00e5ngar<\/h1>\n<table width=\"565\">\n<tbody>\n<tr>\n<td width=\"161\">\u00a0<\/td>\n<td width=\"65\">Banor\u00a0<\/td>\n<td width=\"132\">Omg\u00e5ng 1<\/td>\n<td width=\"132\">2018-09-10<\/td>\n<td width=\"36\">\u00a0<\/td>\n<td width=\"39\">\u00a0<\/td>\n<\/tr>\n<tr>\n<td>19:00<\/td>\n<td>11 &#8211; 13<\/td>\n<td>fd Team Malmoe<\/td>\n<td>Byggkontroll<\/td>\n<td>9,5<\/td>\n<td>8,5<\/td>\n<\/tr>\n<tr>\n<td>19:00<\/td>\n<td>14 &#8211; 16<\/td>\n<td>Kylacc<\/td>\n<td>\u00d6KF 1<\/td>\n<td>6<\/td>\n<td>12<\/td>\n<\/tr>\n<tr>\n<td>19:00<\/td>\n<td>17 &#8211; 19<\/td>\n<td>Olssons<\/td>\n<td>Team Klopp<\/td>\n<td>3<\/td>\n<td>15<\/td>\n<\/tr>\n<tr>\n<td>19:00<\/td>\n<td>20 &#8211; 22<\/td>\n<td>Platts\u00e4ttnings-bolaget<\/td>\n<td>Str\u00f6ms<\/td>\n<td>6<\/td>\n<td>12<\/td>\n<\/tr>\n<\/tbody>\n<\/table>\n<table width=\"565\">\n<tbody>\n<tr>\n<td width=\"161\">\u00a0<\/td>\n<td width=\"65\">Banor\u00a0<\/td>\n<td width=\"132\">\u00a0Omg\u00e5ng 2<\/td>\n<td width=\"132\">2018-09-24<\/td>\n<td width=\"36\">\u00a0<\/td>\n<td width=\"39\">\u00a0<\/td>\n<\/tr>\n<tr>\n<td>18:00<\/td>\n<td>11 &#8211; 13<\/td>\n<td>Kylacc<\/td>\n<td>Olssons<\/td>\n<td>6<\/td>\n<td>12<\/td>\n<\/tr>\n<tr>\n<td>18:00<\/td>\n<td>14 &#8211; 16<\/td>\n<td>Byggkontroll<\/td>\n<td>Team Klopp<\/td>\n<td>11<\/td>\n<td>7<\/td>\n<\/tr>\n<tr>\n<td>18:00<\/td>\n<td>17 &#8211; 19<\/td>\n<td>\u00d6KF 1<\/td>\n<td>Str\u00f6ms<\/td>\n<td>13<\/td>\n<td>5<\/td>\n<\/tr>\n<tr>\n<td>18:00<\/td>\n<td>20 &#8211; 22<\/td>\n<td>fd Team Malmoe<\/td>\n<td>Platts\u00e4ttnings-bolaget<\/td>\n<td>10<\/td>\n<td>8<\/td>\n<\/tr>\n<\/tbody>\n<\/table>\n<table width=\"565\">\n<tbody>\n<tr>\n<td width=\"161\">\u00a0<\/td>\n<td width=\"65\">Banor\u00a0<\/td>\n<td width=\"132\">Omg\u00e5ng 3<\/td>\n<td width=\"132\">2018-10-08<\/td>\n<td width=\"36\">\u00a0<\/td>\n<td width=\"39\">\u00a0<\/td>\n<\/tr>\n<tr>\n<td>19:00<\/td>\n<td>11 &#8211; 13<\/td>\n<td>Str\u00f6ms<\/td>\n<td>fd Team Malmoe<\/td>\n<td>10<\/td>\n<td>8<\/td>\n<\/tr>\n<tr>\n<td>19:00<\/td>\n<td>14 &#8211; 16<\/td>\n<td>Team Klopp<\/td>\n<td>\u00d6KF 1<\/td>\n<td>6<\/td>\n<td>12<\/td>\n<\/tr>\n<tr>\n<td>19:00<\/td>\n<td>17 &#8211; 19<\/td>\n<td>Olssons<\/td>\n<td>Byggkontroll<\/td>\n<td>6<\/td>\n<td>12<\/td>\n<\/tr>\n<tr>\n<td>19:00<\/td>\n<td>20 &#8211; 22<\/td>\n<td>Platts\u00e4ttnings-bolaget<\/td>\n<td>Kylacc<\/td>\n<td>10<\/td>\n<td>8<\/td>\n<\/tr>\n<\/tbody>\n<\/table>\n<table width=\"565\">\n<tbody>\n<tr>\n<td width=\"161\">\u00a0<\/td>\n<td width=\"65\">Banor<\/td>\n<td width=\"132\">Omg\u00e5ng 4<\/td>\n<td width=\"132\">2018-10-22<\/td>\n<td width=\"36\">\u00a0<\/td>\n<td width=\"39\">\u00a0<\/td>\n<\/tr>\n<tr>\n<td>18:00<\/td>\n<td>11 &#8211; 13<\/td>\n<td>Team Klopp<\/td>\n<td>Platts\u00e4ttnings-bolaget<\/td>\n<td>9<\/td>\n<td>9<\/td>\n<\/tr>\n<tr>\n<td>18:00<\/td>\n<td>14 &#8211; 16<\/td>\n<td>\u00d6KF 1<\/td>\n<td>Olssons<\/td>\n<td>15<\/td>\n<td>3<\/td>\n<\/tr>\n<tr>\n<td>18:00<\/td>\n<td>17 &#8211; 19<\/td>\n<td>fd Team Malmoe<\/td>\n<td>Kylacc<\/td>\n<td>9<\/td>\n<td>9<\/td>\n<\/tr>\n<tr>\n<td>18:00<\/td>\n<td>20 &#8211; 22<\/td>\n<td>Str\u00f6ms<\/td>\n<td>Byggkontroll<\/td>\n<td>11<\/td>\n<td>7<\/td>\n<\/tr>\n<\/tbody>\n<\/table>\n<table width=\"592\">\n<tbody>\n<tr>\n<td width=\"161\">\u00a0<\/td>\n<td width=\"65\">Banor\u00a0<\/td>\n<td width=\"132\">Omg\u00e5ng 5<\/td>\n<td width=\"132\">2018-11-05<\/td>\n<td width=\"36\">\u00a0<\/td>\n<td width=\"39\">\u00a0<\/td>\n<\/tr>\n<tr>\n<td>19:00<\/td>\n<td>11 &#8211; 13<\/td>\n<td>Byggkontroll<\/td>\n<td>Kylacc<\/td>\n<td>7<\/td>\n<td>11<\/td>\n<\/tr>\n<tr>\n<td>19:00<\/td>\n<td>14 &#8211; 16<\/td>\n<td>Olssons<\/td>\n<td>fd Team Malmoe<\/td>\n<td>7<\/td>\n<td>11<\/td>\n<\/tr>\n<tr>\n<td>Spelad 12\/11<\/td>\n<td>17 &#8211; 19<\/td>\n<td>Platts\u00e4ttnings-bolaget<\/td>\n<td>\u00d6KF 1<\/td>\n<td>0<\/td>\n<td>18<\/td>\n<\/tr>\n<tr>\n<td>19:00<\/td>\n<td>20 &#8211; 22<\/td>\n<td>Str\u00f6ms<\/td>\n<td>Team Klopp<\/td>\n<td>12<\/td>\n<td>6<\/td>\n<\/tr>\n<\/tbody>\n<\/table>\n<table width=\"565\">\n<tbody>\n<tr>\n<td width=\"161\">\u00a0<\/td>\n<td width=\"65\">Banor\u00a0<\/td>\n<td width=\"132\">Omg\u00e5ng 6<\/td>\n<td width=\"132\">2018-11-19<\/td>\n<td width=\"36\">\u00a0<\/td>\n<td width=\"39\">\u00a0<\/td>\n<\/tr>\n<tr>\n<td>18:00<\/td>\n<td>11 &#8211; 13<\/td>\n<td>Kylacc<\/td>\n<td>Str\u00f6ms<\/td>\n<td>17<\/td>\n<td>1<\/td>\n<\/tr>\n<tr>\n<td>18:00<\/td>\n<td>14 &#8211; 16<\/td>\n<td>\u00d6KF 1<\/td>\n<td>Byggkontroll<\/td>\n<td>12<\/td>\n<td>6<\/td>\n<\/tr>\n<tr>\n<td>Spelas 26\/11<\/td>\n<td>17 &#8211; 19<\/td>\n<td>fd Team Malmoe<\/td>\n<td>Team Klopp<\/td>\n<td>4<\/td>\n<td>14<\/td>\n<\/tr>\n<tr>\n<td>18:00<\/td>\n<td>20 &#8211; 22<\/td>\n<td>Olssons<\/td>\n<td>Platts\u00e4ttnings-bolaget<\/td>\n<td>9,5<\/td>\n<td>8,5<\/td>\n<\/tr>\n<\/tbody>\n<\/table>\n<table width=\"565\">\n<tbody>\n<tr>\n<td width=\"161\">\u00a0<\/td>\n<td width=\"65\">Banor\u00a0<\/td>\n<td width=\"132\">Omg\u00e5ng 7<\/td>\n<td width=\"132\">2018-12-03<\/td>\n<td width=\"36\">\u00a0<\/td>\n<td width=\"39\">\u00a0<\/td>\n<\/tr>\n<tr>\n<td>19:00<\/td>\n<td>11 &#8211; 13<\/td>\n<td>Team Klopp<\/td>\n<td>Kylacc<\/td>\n<td>5<\/td>\n<td>13<\/td>\n<\/tr>\n<tr>\n<td>19:00<\/td>\n<td>14 &#8211; 16<\/td>\n<td>Str\u00f6ms<\/td>\n<td>Olssons<\/td>\n<td>13<\/td>\n<td>5<\/td>\n<\/tr>\n<tr>\n<td>19:00<\/td>\n<td>17 &#8211; 19<\/td>\n<td>Byggkontroll<\/td>\n<td>Platts\u00e4ttnings-bolaget<\/td>\n<td>14<\/td>\n<td>4<\/td>\n<\/tr>\n<tr>\n<td>19:00<\/td>\n<td>20 &#8211; 22<\/td>\n<td>\u00d6KF 1<\/td>\n<td>fd Team Malmoe<\/td>\n<td>8<\/td>\n<td>10<\/td>\n<\/tr>\n<\/tbody>\n<\/table>\n<table width=\"565\">\n<tbody>\n<tr>\n<td width=\"161\">\u00a0<\/td>\n<td width=\"65\">Banor_\u00a0<\/td>\n<td width=\"132\">Omg\u00e5ng 8<\/td>\n<td width=\"132\">2019-01-07<\/td>\n<td width=\"36\">\u00a0<\/td>\n<td width=\"39\">\u00a0<\/td>\n<\/tr>\n<tr>\n<td>18:00<\/td>\n<td>11 &#8211; 13<\/td>\n<td>fd Team Malmoe<\/td>\n<td>Byggkontroll<\/td>\n<td>15<\/td>\n<td>3<\/td>\n<\/tr>\n<tr>\n<td>18:00<\/td>\n<td>14 &#8211; 16<\/td>\n<td>Olssons<\/td>\n<td>Team Klopp<\/td>\n<td>10<\/td>\n<td>8<\/td>\n<\/tr>\n<tr>\n<td>18:00<\/td>\n<td>17 &#8211; 19<\/td>\n<td>Platts\u00e4ttnings-bolaget<\/td>\n<td>Str\u00f6ms<\/td>\n<td>1<\/td>\n<td>17<\/td>\n<\/tr>\n<tr>\n<td>18:00<\/td>\n<td>20 &#8211; 22<\/td>\n<td>Kylacc<\/td>\n<td>\u00d6KF 1<\/td>\n<td>7<\/td>\n<td>11<\/td>\n<\/tr>\n<\/tbody>\n<\/table>\n<table width=\"565\">\n<tbody>\n<tr>\n<td width=\"161\">\u00a0<\/td>\n<td width=\"65\">Banor\u00a0<\/td>\n<td width=\"132\">Omg\u00e5ng 9<\/td>\n<td width=\"132\">2019-01-21<\/td>\n<td width=\"36\">\u00a0<\/td>\n<td width=\"39\">\u00a0<\/td>\n<\/tr>\n<tr>\n<td>19:00<\/td>\n<td>11 &#8211; 13<\/td>\n<td>Byggkontroll<\/td>\n<td>Team Klopp<\/td>\n<td>6<\/td>\n<td>12<\/td>\n<\/tr>\n<tr>\n<td>19:00<\/td>\n<td>14 &#8211; 16<\/td>\n<td>Kylacc<\/td>\n<td>Olssons<\/td>\n<td>13,5<\/td>\n<td>4,5<\/td>\n<\/tr>\n<tr>\n<td>19:00<\/td>\n<td>17 &#8211; 19<\/td>\n<td>fd Team Malmoe<\/td>\n<td>Platts\u00e4ttnings-bolaget<\/td>\n<td>9<\/td>\n<td>9<\/td>\n<\/tr>\n<tr>\n<td>19:00<\/td>\n<td>20 &#8211; 22<\/td>\n<td>\u00d6KF 1<\/td>\n<td>Str\u00f6ms<\/td>\n<td>13<\/td>\n<td>5<\/td>\n<\/tr>\n<\/tbody>\n<\/table>\n<table width=\"565\">\n<tbody>\n<tr>\n<td width=\"161\">\u00a0<\/td>\n<td width=\"65\">Banor\u00a0<\/td>\n<td width=\"132\">Omg\u00e5ng 10<\/td>\n<td width=\"132\">2019-02-04<\/td>\n<td width=\"36\">\u00a0<\/td>\n<td width=\"39\">\u00a0<\/td>\n<\/tr>\n<tr>\n<td>18:00<\/td>\n<td>11 &#8211; 13<\/td>\n<td>Platts\u00e4ttningsbolaget<\/td>\n<td>Kylacc<\/td>\n<td>9<\/td>\n<td>9<\/td>\n<\/tr>\n<tr>\n<td>18:00<\/td>\n<td>14 &#8211; 16<\/td>\n<td>Team Klopp<\/td>\n<td>\u00d6KF 1<\/td>\n<td>9<\/td>\n<td>9<\/td>\n<\/tr>\n<tr>\n<td>18:00<\/td>\n<td>17 &#8211; 19<\/td>\n<td>Str\u00f6ms<\/td>\n<td>fd Team Malmoe<\/td>\n<td>6<\/td>\n<td>12<\/td>\n<\/tr>\n<tr>\n<td>18:00<\/td>\n<td>20 &#8211; 22<\/td>\n<td>Olssons<\/td>\n<td>Byggkontroll<\/td>\n<td>7<\/td>\n<td>11<\/td>\n<\/tr>\n<\/tbody>\n<\/table>\n<table width=\"565\">\n<tbody>\n<tr>\n<td width=\"161\">\u00a0<\/td>\n<td width=\"65\">Banor\u00a0<\/td>\n<td width=\"132\">Omg\u00e5ng 11<\/td>\n<td width=\"132\">2019-02-25<\/td>\n<td width=\"36\">\u00a0<\/td>\n<td width=\"39\">\u00a0<\/td>\n<\/tr>\n<tr>\n<td>19:00<\/td>\n<td>11 &#8211; 13<\/td>\n<td>\u00d6KF 1<\/td>\n<td>Olssons<\/td>\n<td>12<\/td>\n<td>6<\/td>\n<\/tr>\n<tr>\n<td>19:00<\/td>\n<td>14 &#8211; 16<\/td>\n<td>Str\u00f6ms<\/td>\n<td>Byggkontroll<\/td>\n<td>14<\/td>\n<td>4<\/td>\n<\/tr>\n<tr>\n<td>19:00<\/td>\n<td>17 &#8211; 19<\/td>\n<td>Team Klopp<\/td>\n<td>Platts\u00e4ttningsbolaget<\/td>\n<td>13<\/td>\n<td>5<\/td>\n<\/tr>\n<tr>\n<td>19:00<\/td>\n<td>20 &#8211; 22<\/td>\n<td>fd Team Malmoe<\/td>\n<td>Kylacc<\/td>\n<td>4<\/td>\n<td>14<\/td>\n<\/tr>\n<\/tbody>\n<\/table>\n<table width=\"565\">\n<tbody>\n<tr>\n<td width=\"161\">\u00a0<\/td>\n<td width=\"65\">Banor\u00a0<\/td>\n<td width=\"132\">Omg\u00e5ng 12<\/td>\n<td width=\"132\">2019-03-11<\/td>\n<td width=\"36\">\u00a0<\/td>\n<td width=\"39\">\u00a0<\/td>\n<\/tr>\n<tr>\n<td>18:00<\/td>\n<td>11 &#8211; 13<\/td>\n<td>Str\u00f6ms<\/td>\n<td>Team Klopp<\/td>\n<td>7<\/td>\n<td>11<\/td>\n<\/tr>\n<tr>\n<td>18:00<\/td>\n<td>14 &#8211; 16<\/td>\n<td>Platts\u00e4ttnings-bolaget<\/td>\n<td>\u00d6KF 1<\/td>\n<td>5<\/td>\n<td>13<\/td>\n<\/tr>\n<tr>\n<td>18:00<\/td>\n<td>17 &#8211; 19<\/td>\n<td>Olssons<\/td>\n<td>fd Team Malmoe<\/td>\n<td>2,5<\/td>\n<td>15,5<\/td>\n<\/tr>\n<tr>\n<td>18:00<\/td>\n<td>20 &#8211; 22<\/td>\n<td>Byggkontroll<\/td>\n<td>Kylacc<\/td>\n<td>6<\/td>\n<td>12<\/td>\n<\/tr>\n<\/tbody>\n<\/table>\n<table width=\"565\">\n<tbody>\n<tr>\n<td width=\"161\">\u00a0<\/td>\n<td width=\"65\">Banor\u00a0<\/td>\n<td width=\"132\">Omg\u00e5ng 13<\/td>\n<td width=\"132\">2019-03-25<\/td>\n<td width=\"36\">\u00a0<\/td>\n<td width=\"39\">\u00a0<\/td>\n<\/tr>\n<tr>\n<td>19:00<\/td>\n<td>11 &#8211; 13<\/td>\n<td>Olssons<\/td>\n<td>Platts\u00e4ttningsbolaget<\/td>\n<td>12<\/td>\n<td>6<\/td>\n<\/tr>\n<tr>\n<td>19:00<\/td>\n<td>14 &#8211; 16<\/td>\n<td>Kylacc<\/td>\n<td>Str\u00f6ms<\/td>\n<td>7<\/td>\n<td>11<\/td>\n<\/tr>\n<tr>\n<td>19:00<\/td>\n<td>17 &#8211; 19<\/td>\n<td>\u00d6KF 1<\/td>\n<td>Byggkontroll<\/td>\n<td>8,5<\/td>\n<td>9,5<\/td>\n<\/tr>\n<tr>\n<td>19:00<\/td>\n<td>20 &#8211; 22<\/td>\n<td>fd Team Malmoe<\/td>\n<td>Team Klopp<\/td>\n<td>14<\/td>\n<td>4<\/td>\n<\/tr>\n<\/tbody>\n<\/table>\n<p>\u00a0<\/p>\n<p><a href=\"https:\/\/itcegame.se\/?page_id=385\">Tillbaka<\/a><\/p>\n\n\n<p><\/p>\n","protected":false},"excerpt":{"rendered":"<p>Sidan uppdaterades 2019-04-10 Sista omg\u00e5ngen \u00a0 Banor\u00a0 Omg\u00e5ng 14 2019-04-08 \u00a0 \u00a0 18:00 11 -13 \u00d6KF 1 fd Team Malmoe 8 10 18:00 14 -16 Team Klopp Kylacc 9 9 18:00 17 -19 Str\u00f6ms Olssons 12 6 18:00 20 -22 Byggkontroll Platts\u00e4ttningsbolaget 15 3 Tabell Lagnamn Matcher V O F Diff Po\u00e4ng \u00d6KF 1 14 [&hellip;]<\/p>\n","protected":false},"author":1,"featured_media":0,"parent":385,"menu_order":1,"comment_status":"closed","ping_status":"closed","template":"","meta":{"footnotes":""},"class_list":["post-420","page","type-page","status-publish","hentry"],"_links":{"self":[{"href":"https:\/\/itcegame.se\/index.php?rest_route=\/wp\/v2\/pages\/420","targetHints":{"allow":["GET"]}}],"collection":[{"href":"https:\/\/itcegame.se\/index.php?rest_route=\/wp\/v2\/pages"}],"about":[{"href":"https:\/\/itcegame.se\/index.php?rest_route=\/wp\/v2\/types\/page"}],"author":[{"embeddable":true,"href":"https:\/\/itcegame.se\/index.php?rest_route=\/wp\/v2\/users\/1"}],"replies":[{"embeddable":true,"href":"https:\/\/itcegame.se\/index.php?rest_route=%2Fwp%2Fv2%2Fcomments&post=420"}],"version-history":[{"count":19,"href":"https:\/\/itcegame.se\/index.php?rest_route=\/wp\/v2\/pages\/420\/revisions"}],"predecessor-version":[{"id":555,"href":"https:\/\/itcegame.se\/index.php?rest_route=\/wp\/v2\/pages\/420\/revisions\/555"}],"up":[{"embeddable":true,"href":"https:\/\/itcegame.se\/index.php?rest_route=\/wp\/v2\/pages\/385"}],"wp:attachment":[{"href":"https:\/\/itcegame.se\/index.php?rest_route=%2Fwp%2Fv2%2Fmedia&parent=420"}],"curies":[{"name":"wp","href":"https:\/\/api.w.org\/{rel}","templated":true}]}}