{"id":40,"date":"2011-12-16T20:40:35","date_gmt":"2011-12-16T19:40:35","guid":{"rendered":"http:\/\/itcegame.se\/?page_id=40"},"modified":"2016-06-26T13:52:36","modified_gmt":"2016-06-26T11:52:36","slug":"rubbit","status":"publish","type":"page","link":"https:\/\/itcegame.se\/?page_id=40","title":{"rendered":"&#8221;Rubbit&#8221;"},"content":{"rendered":"<p>Lite taktiskt sinne f\u00f6r att ta sig \u00f6ver vattnet<\/p>\n<p>Version : 0.8<\/p>\n<p>M\u00f6jlighet att expandera tankar kring : Sm\u00e5.<\/p>\n<p>Turniv\u00e5 : Viss<\/p>\n<p>Produktionsstart : Troligtvis inte, men&#8230;<\/p>\n","protected":false},"excerpt":{"rendered":"<p>Lite taktiskt sinne f\u00f6r att ta sig \u00f6ver vattnet Version : 0.8 M\u00f6jlighet att expandera tankar kring : Sm\u00e5. Turniv\u00e5 : Viss Produktionsstart : Troligtvis inte, men&#8230;<\/p>\n","protected":false},"author":1,"featured_media":0,"parent":36,"menu_order":2,"comment_status":"closed","ping_status":"closed","template":"","meta":{"footnotes":""},"class_list":["post-40","page","type-page","status-publish","hentry"],"_links":{"self":[{"href":"https:\/\/itcegame.se\/index.php?rest_route=\/wp\/v2\/pages\/40","targetHints":{"allow":["GET"]}}],"collection":[{"href":"https:\/\/itcegame.se\/index.php?rest_route=\/wp\/v2\/pages"}],"about":[{"href":"https:\/\/itcegame.se\/index.php?rest_route=\/wp\/v2\/types\/page"}],"author":[{"embeddable":true,"href":"https:\/\/itcegame.se\/index.php?rest_route=\/wp\/v2\/users\/1"}],"replies":[{"embeddable":true,"href":"https:\/\/itcegame.se\/index.php?rest_route=%2Fwp%2Fv2%2Fcomments&post=40"}],"version-history":[{"count":6,"href":"https:\/\/itcegame.se\/index.php?rest_route=\/wp\/v2\/pages\/40\/revisions"}],"predecessor-version":[{"id":190,"href":"https:\/\/itcegame.se\/index.php?rest_route=\/wp\/v2\/pages\/40\/revisions\/190"}],"up":[{"embeddable":true,"href":"https:\/\/itcegame.se\/index.php?rest_route=\/wp\/v2\/pages\/36"}],"wp:attachment":[{"href":"https:\/\/itcegame.se\/index.php?rest_route=%2Fwp%2Fv2%2Fmedia&parent=40"}],"curies":[{"name":"wp","href":"https:\/\/api.w.org\/{rel}","templated":true}]}}