{"id":1013,"date":"2022-08-07T14:53:47","date_gmt":"2022-08-07T12:53:47","guid":{"rendered":"https:\/\/itcegame.se\/?page_id=1013"},"modified":"2023-07-11T07:50:57","modified_gmt":"2023-07-11T05:50:57","slug":"halligan-2022-2023","status":"publish","type":"page","link":"https:\/\/itcegame.se\/?page_id=1013","title":{"rendered":"Halligan 2022-2023"},"content":{"rendered":"\n<p><\/p>\n\n\n\n<p>Snabbl\u00e4nk till <a href=\"https:\/\/itcegame.se\/?page_id=1015\" data-type=\"page\" data-id=\"1015\">Division ETT<\/a><\/p>\n\n\n\n<p>Snabbl\u00e4nk till <a href=\"https:\/\/itcegame.se\/?page_id=1017\" data-type=\"page\" data-id=\"1017\">Division TV\u00c5<\/a><\/p>\n\n\n\n<p>Snabbl\u00e4nk till <a href=\"https:\/\/itcegame.se\/?page_id=1019\" data-type=\"page\" data-id=\"1019\">Division TRE<\/a><\/p>\n\n\n\n<p>Snabbl\u00e4nk till <a href=\"https:\/\/itcegame.se\/?page_id=1021\" data-type=\"page\" data-id=\"1021\">Resultattoppen<\/a><\/p>\n\n\n\n<p>(Eller anv\u00e4nd Halligan i menyn f\u00f6r att titta p\u00e5 nuvarande eller tidigare \u00e5rs data)<\/p>\n\n\n\n<h2 class=\"wp-block-heading\">V\u00e5rens spelschema<\/h2>\n\n\n\n<h4 class=\"wp-block-heading\">(alltid spelstart 19.00!)<\/h4>\n\n\n\n<figure class=\"wp-block-table\"><table><tbody><tr><td><strong>Datum<\/strong><\/td><td><strong>Banor<\/strong><\/td><td><strong>Hemmalag<\/strong><\/td><td><strong>Bortalag<\/strong><\/td><\/tr><tr><td>2023-01-09<\/td><td>08 &#8211; 10<\/td><td>Triumf 1<\/td><td>Olssons<\/td><\/tr><tr><td>2023-01-09<\/td><td>11 &#8211; 13<\/td><td>Byggkontroll<\/td><td>High swingboys<\/td><\/tr><tr><td>2023-01-09<\/td><td>14 &#8211; 16<\/td><td>Str\u00f6ms<\/td><td>BK Star<\/td><\/tr><tr><td>2023-01-09<\/td><td>17 &#8211; 19<\/td><td>NoNameBowlers<\/td><td>SBC<\/td><\/tr><tr><td>2023-01-09<\/td><td>20- 22<\/td><td>Forza<\/td><td>Surprice<\/td><\/tr><tr><td>2023-01-16<\/td><td>08 &#8211; 10<\/td><td>Ex Skatt<\/td><td>Mickes reklam<\/td><\/tr><tr><td>2023-01-16<\/td><td>11 &#8211; 13<\/td><td>Tupp i h\u00f6nsg\u00e5rd<\/td><td>Lag M\u00f6llan<\/td><\/tr><tr><td>2023-01-16<\/td><td>14 &#8211; 16<\/td><td>Spare No One<\/td><td>Ztrajx<\/td><\/tr><tr><td>2023-01-16<\/td><td>17 &#8211; 19<\/td><td>Strike Queens<\/td><td>Avec Plaisir<\/td><\/tr><tr><td>2023-01-16<\/td><td>20- 22<\/td><td>BeRoll Bygg<\/td><td>Bravida<\/td><\/tr><tr><td>2023-01-23<\/td><td>08 &#8211; 10<\/td><td>SBC<\/td><td>Platts\u00e4ttnings-bolaget<\/td><\/tr><tr><td>2023-01-23<\/td><td>11 &#8211; 13<\/td><td>Ztrajx<\/td><td>Lag M\u00f6llan<\/td><\/tr><tr><td>2023-01-23<\/td><td>14 &#8211; 16<\/td><td>NoNameBowlers<\/td><td>Forza<\/td><\/tr><tr><td>2023-01-23<\/td><td>17 &#8211; 19<\/td><td>Bravida<\/td><td>Avec Plaisir<\/td><\/tr><tr><td>2023-01-23<\/td><td>20- 22<\/td><td>Spare No One<\/td><td>Strike Queens<\/td><\/tr><tr><td>2023-01-30<\/td><td>08 &#8211; 10<\/td><td>BeRoll Bygg<\/td><td>Tupp i h\u00f6nsg\u00e5rd<\/td><\/tr><tr><td>2023-01-30<\/td><td>11 &#8211; 13<\/td><td>BK Star<\/td><td>High swingboys<\/td><\/tr><tr><td>2023-01-30<\/td><td>14 &#8211; 16<\/td><td>Triumf 1<\/td><td>Byggkontroll<\/td><\/tr><tr><td>2023-01-30<\/td><td>17 &#8211; 19<\/td><td>Mickes reklam<\/td><td>Surprice<\/td><\/tr><tr><td>2023-01-30<\/td><td>20- 22<\/td><td>Olssons<\/td><td>Kylacc<\/td><\/tr><tr><td>2023-02-06<\/td><td>08 &#8211; 10<\/td><td>Tupp i h\u00f6nsg\u00e5rd<\/td><td>Bravida<\/td><\/tr><tr><td>2023-02-06<\/td><td>11 &#8211; 13<\/td><td>Surprice<\/td><td>Ex Skatt<\/td><\/tr><tr><td>2023-02-06<\/td><td>14 &#8211; 16<\/td><td>Platts\u00e4ttnings-bolaget<\/td><td>Mickes reklam<\/td><\/tr><tr><td>2023-02-06<\/td><td>17 &#8211; 19<\/td><td>Lag M\u00f6llan<\/td><td>Spare No One<\/td><\/tr><tr><td>2023-02-06<\/td><td>20- 22<\/td><td>High swingboys<\/td><td>Str\u00f6ms<\/td><\/tr><tr><td>2023-02-13<\/td><td>08 &#8211; 10<\/td><td>Kylacc<\/td><td>BK Star<\/td><\/tr><tr><td>2023-02-13<\/td><td>11 &#8211; 13<\/td><td>Avec Plaisir<\/td><td>Ztrajx<\/td><\/tr><tr><td>2023-02-13<\/td><td>14 &#8211; 16<\/td><td>Strike Queens<\/td><td>BeRoll Bygg<\/td><\/tr><tr><td>2023-02-13<\/td><td>17 &#8211; 19<\/td><td>Forza<\/td><td>SBC<\/td><\/tr><tr><td>2023-02-13<\/td><td>20- 22<\/td><td>Byggkontroll<\/td><td>Olssons<\/td><\/tr><tr><td>2023-02-27<\/td><td>08 &#8211; 10<\/td><td>Byggkontroll<\/td><td>Str\u00f6ms<\/td><\/tr><tr><td>2023-02-27<\/td><td>11 &#8211; 13<\/td><td>Platts\u00e4ttnings-bolaget<\/td><td>Surprice<\/td><\/tr><tr><td>2023-02-27<\/td><td>14 &#8211; 16<\/td><td>Forza<\/td><td>Ex Skatt<\/td><\/tr><tr><td>2023-02-27<\/td><td>17 &#8211; 19<\/td><td>Kylacc<\/td><td>High swingboys<\/td><\/tr><tr><td>2023-02-27<\/td><td>20- 22<\/td><td>Bravida<\/td><td>Strike Queens<\/td><\/tr><tr><td>2023-03-06<\/td><td>08 &#8211; 10<\/td><td>Ztrajx<\/td><td>BeRoll Bygg<\/td><\/tr><tr><td>2023-03-06<\/td><td>11 &#8211; 13<\/td><td>BK Star<\/td><td>Triumf 1<\/td><\/tr><tr><td>2023-03-06<\/td><td>14 &#8211; 16<\/td><td>Avec Plaisir<\/td><td>Lag M\u00f6llan<\/td><\/tr><tr><td>2023-03-06<\/td><td>17 &#8211; 19<\/td><td>Tupp i h\u00f6nsg\u00e5rd<\/td><td>Spare No One<\/td><\/tr><tr><td>2023-03-06<\/td><td>20- 22<\/td><td>Mickes reklam<\/td><td>NoNameBowlers<\/td><\/tr><tr><td>2023-03-13<\/td><td>08 &#8211; 10<\/td><td>High swingboys<\/td><td>Olssons<\/td><\/tr><tr><td>2023-03-13<\/td><td>11 &#8211; 13<\/td><td>Avec Plaisir<\/td><td>Tupp i h\u00f6nsg\u00e5rd<\/td><\/tr><tr><td>2023-03-13<\/td><td>14 &#8211; 16<\/td><td>Surprice<\/td><td>SBC<\/td><\/tr><tr><td>2023-03-13<\/td><td>17 &#8211; 19<\/td><td>NoNameBowlers<\/td><td>Ex Skatt<\/td><\/tr><tr><td>2023-03-13<\/td><td>20- 22<\/td><td>Lag M\u00f6llan<\/td><td>Bravida<\/td><\/tr><tr><td>2023-03-20<\/td><td>08 &#8211; 10<\/td><td>Platts\u00e4ttnings-bolaget<\/td><td>Forza<\/td><\/tr><tr><td>2023-03-20<\/td><td>11 &#8211; 13<\/td><td>BeRoll Bygg<\/td><td>Spare No One<\/td><\/tr><tr><td>2023-03-20<\/td><td>14 &#8211; 16<\/td><td>Triumf 1<\/td><td>Str\u00f6ms<\/td><\/tr><tr><td>2023-03-20<\/td><td>17 &#8211; 19<\/td><td>Strike Queens<\/td><td>Ztrajx<\/td><\/tr><tr><td>2023-03-20<\/td><td>20- 22<\/td><td>Kylacc<\/td><td>Byggkontroll<\/td><\/tr><tr><td>2023-03-27<\/td><td>08 &#8211; 10<\/td><td>BeRoll Bygg<\/td><td>Lag M\u00f6llan<\/td><\/tr><tr><td>2023-03-27<\/td><td>11 &#8211; 13<\/td><td>Str\u00f6ms<\/td><td>Kylacc<\/td><\/tr><tr><td>2023-03-27<\/td><td>14 &#8211; 16<\/td><td>BK Star<\/td><td>Olssons<\/td><\/tr><tr><td>2023-03-27<\/td><td>17 &#8211; 19<\/td><td>Ztrajx<\/td><td>Bravida<\/td><\/tr><tr><td>2023-03-27<\/td><td>20- 22<\/td><td>Mickes reklam<\/td><td>SBC<\/td><\/tr><tr><td>2023-04-03<\/td><td>08 &#8211; 10<\/td><td>Triumf 1<\/td><td>High swingboys<\/td><\/tr><tr><td>2023-04-03<\/td><td>11 &#8211; 13<\/td><td>NoNameBowlers<\/td><td>Surprice<\/td><\/tr><tr><td>2023-04-03<\/td><td>14 &#8211; 16<\/td><td>Tupp i h\u00f6nsg\u00e5rd<\/td><td>Strike Queens<\/td><\/tr><tr><td>2023-04-03<\/td><td>17 &#8211; 19<\/td><td>Ex Skatt<\/td><td>Platts\u00e4ttnings-bolaget<\/td><\/tr><tr><td>2023-04-03<\/td><td>20- 22<\/td><td>Spare No One<\/td><td>Avec Plaisir<\/td><\/tr><tr><td>2023-04-17<\/td><td>08 &#8211; 10<\/td><td>Avec Plaisir<\/td><td>BeRoll Bygg<\/td><\/tr><tr><td>2023-04-17<\/td><td>11 &#8211; 13<\/td><td>Bravida<\/td><td>Spare No One<\/td><\/tr><tr><td>2023-04-17<\/td><td>14 &#8211; 16<\/td><td>Mickes reklam<\/td><td>Forza<\/td><\/tr><tr><td>2023-04-17<\/td><td>17 &#8211; 19<\/td><td>Lag M\u00f6llan<\/td><td>Strike Queens<\/td><\/tr><tr><td>2023-04-17<\/td><td>20- 22<\/td><td>Kylacc<\/td><td>Triumf 1<\/td><\/tr><tr><td>2023-04-24<\/td><td>08 &#8211; 10<\/td><td>SBC<\/td><td>Ex Skatt<\/td><\/tr><tr><td>2023-04-24<\/td><td>11 &#8211; 13<\/td><td>Ztrajx<\/td><td>Tupp i h\u00f6nsg\u00e5rd<\/td><\/tr><tr><td>2023-04-24<\/td><td>14 &#8211; 16<\/td><td>BK Star<\/td><td>Byggkontroll<\/td><\/tr><tr><td>2023-04-24<\/td><td>17 &#8211; 19<\/td><td>Olssons<\/td><td>Str\u00f6ms<\/td><\/tr><tr><td>2023-04-24<\/td><td>20- 22<\/td><td>Platts\u00e4ttnings-bolaget<\/td><td>NoNameBowlers<\/td><\/tr><\/tbody><\/table><\/figure>\n\n\n\n<h2 class=\"wp-block-heading\">\u00d6vrig information<\/h2>\n\n\n\n<ol class=\"wp-block-list\">\n<li>Betalning &#8211; 3700 kr per lag &#8211; erl\u00e4ggs till Postgiro <strong>635191-0<\/strong>. Senast 2022-08-31.<br><\/li>\n\n\n\n<li>Mail har skickats till alla kontaktpersoner s\u00e5 vi har en uppdaterad lista p\u00e5 spelare och kontakter. Meddela oss om n\u00e5got beh\u00f6ver uppdateras.<br><\/li>\n\n\n\n<li>Max 10 olika spelare f\u00e5r anv\u00e4ndas i ett lag under en s\u00e4song.<br><\/li>\n\n\n\n<li>S\u00e4songen best\u00e5r av 14 omg\u00e5ngar &#8211; f\u00f6r lagen i Division ETT\/TV\u00c5 med sju lag kommer det att vara en &#8221;frirond&#8221; under h\u00f6sten resp. v\u00e5ren, d.v.s. 12 matcher per lag medan det f\u00f6r Division TRE blir 14 matcher d\u00e5 det \u00e4r 8 lag i divisionen.<br><\/li>\n\n\n\n<li>Vid problem &#8211; kontakta Baltiska Bowlinghallens reception eller BK ABeCe eller via mailadressen (bowlingligan (at) gmail.com) eller via Facebook-gruppen.<\/li>\n<\/ol>\n\n\n\n<p>Lycka till och m\u00e5tte k\u00e4gelfallet vara gynnsamt !<\/p>\n","protected":false},"excerpt":{"rendered":"<p>Snabbl\u00e4nk till Division ETT Snabbl\u00e4nk till Division TV\u00c5 Snabbl\u00e4nk till Division TRE Snabbl\u00e4nk till Resultattoppen (Eller anv\u00e4nd Halligan i menyn f\u00f6r att titta p\u00e5 nuvarande eller tidigare \u00e5rs data) V\u00e5rens spelschema (alltid spelstart 19.00!) Datum Banor Hemmalag Bortalag 2023-01-09 08 &#8211; 10 Triumf 1 Olssons 2023-01-09 11 &#8211; 13 Byggkontroll High swingboys 2023-01-09 14 &#8211; [&hellip;]<\/p>\n","protected":false},"author":1,"featured_media":0,"parent":551,"menu_order":2022,"comment_status":"closed","ping_status":"closed","template":"","meta":{"footnotes":""},"class_list":["post-1013","page","type-page","status-publish","hentry"],"_links":{"self":[{"href":"https:\/\/itcegame.se\/index.php?rest_route=\/wp\/v2\/pages\/1013","targetHints":{"allow":["GET"]}}],"collection":[{"href":"https:\/\/itcegame.se\/index.php?rest_route=\/wp\/v2\/pages"}],"about":[{"href":"https:\/\/itcegame.se\/index.php?rest_route=\/wp\/v2\/types\/page"}],"author":[{"embeddable":true,"href":"https:\/\/itcegame.se\/index.php?rest_route=\/wp\/v2\/users\/1"}],"replies":[{"embeddable":true,"href":"https:\/\/itcegame.se\/index.php?rest_route=%2Fwp%2Fv2%2Fcomments&post=1013"}],"version-history":[{"count":6,"href":"https:\/\/itcegame.se\/index.php?rest_route=\/wp\/v2\/pages\/1013\/revisions"}],"predecessor-version":[{"id":1153,"href":"https:\/\/itcegame.se\/index.php?rest_route=\/wp\/v2\/pages\/1013\/revisions\/1153"}],"up":[{"embeddable":true,"href":"https:\/\/itcegame.se\/index.php?rest_route=\/wp\/v2\/pages\/551"}],"wp:attachment":[{"href":"https:\/\/itcegame.se\/index.php?rest_route=%2Fwp%2Fv2%2Fmedia&parent=1013"}],"curies":[{"name":"wp","href":"https:\/\/api.w.org\/{rel}","templated":true}]}}